0) in base 15?
4bc
What is 18e (base 16) in base 4?
12032
Convert -415 (base 7) to base 15.
-dd
What is -21012 (base 4) in base 14?
-2d8
What is -13322 (base 4) in base 2?
-111111010
What is -1481 (base 13) in base 5?
-43403
-4053 (base 10) to base 3
-12120010
-25932 (base 10) to base 11
-18535
What is 525335 (base 6) in base 9?
64485
Convert -2335 (base 11) to base 15.
-d93
Convert 3832 (base 15) to base 2.
10111011000100
What is 1110010100 (base 2) in base 4?
32110
-12121121 (base 3) to base 16
-ffd
What is -7b7 (base 13) in base 3?
-1211101
Convert -978e (base 16) to base 10.
-38798
Convert -1565 (base 13) to base 10.
-3125
Convert -4572 (base 13) to base 5.
-302401
Convert 1962 (base 10) to base 5.
30322
What is 445 (base 12) in base 16?
275
Convert -2265 (base 14) to base 8.
-13521
What is 2933b (base 12) in base 5?
3320003
What is 2aea (base 16) in base 11?
8288
Convert -11b0 (base 12) to base 11.
-1562
31394 (base 11) to base 12
22560
What is 1053434 (base 6) in base 7?
313201
What is 101022101 (base 3) in base 11?
5713
-13313 (base 6) to base 11
-1604
What is 113032 (base 4) in base 16?
5ce
489 (base 10) to base 15
229
1124 (base 13) to base 15
a9b
238 (base 16) to base 13
349
Convert -2878 (base 11) to base 14.
-14d5
Convert 14301 (base 5) to base 7.
3334
Convert -344 (base 5) to base 4.
-1203
Convert -1122022011 (base 3) to base 5.
-2013141
-10011100 (base 2) to base 11
-132
What is 36b0 (base 12) in base 3?
22110220
What is -2541 (base 9) in base 13?
-b32
What is -576 (base 8) in base 5?
-3012
Convert 1b19 (base 12) to base 16.
d05
-13b (base 13) to base 11
-18a
Convert 253 (base 9) to base 6.
550
Convert 111000111010 (base 2) to base 10.
3642
Convert -2365 (base 11) to base 5.
-44341
What is -103013 (base 4) in base 16?
-4c7
-11406 (base 7) to base 3
-11001010
Convert 7e4 (base 16) to base 7.
5614
15653 (base 8) to base 14
281d
Convert -5982 (base 15) to base 14.
-6d0a
What is 3616 (base 14) in base 16?
24d4
Convert 676 (base 9) to base 11.
465
What is -2156 (base 7) in base 2?
-1100001000
Convert 2231012 (base 4) to base 9.
16168
-629d (base 14) to base 8
-41143
Convert 10002 (base 3) to base 12.
6b
What is -6535 (base 7) in base 13?
-10a2
Convert -22422 (base 7) to base 14.
-2112
Convert -234 (base 5) to base 8.
-105
What is -284 (base 11) in base 4?
-11032
What is -11153 (base 7) in base 9?
-3785
Convert -347 (base 16) to base 11.
-6a3
Convert 33001 (base 4) to base 2.
1111000001
-1145 (base 7) to base 5
-3200
1835 (base 9) to base 8
2601
-1ccb (base 13) to base 14
-185a
Convert 50003 (base 7) to base 9.
17422
-3023323 (base 4) to base 2
-11001011111011
What is -3313404 (base 5) in base 10?
-57354
What is -53131 (base 6) in base 10?
-7183
5370 (base 10) to base 8
12372
What is 328c (base 16) in base 12?
75a4
-200 (base 10) to base 14
-104
What is -1234401 (base 5) in base 14?
-8c35
Convert 213c (base 15) to base 13.
327c
313243 (base 5) to base 12
6068
What is 10122 (base 3) in base 5?
343
What is -6 (base 8) in base 16?
-6
Convert -1087 (base 10) to base 12.
-767
Convert -e212 (base 15) to base 4.
-23221211
What is -1092 (base 14) in base 8?
-5470
121220 (base 3) to base 2
111001000
What is 30458 (base 9) in base 12?
b738
Convert -13ac7 (base 13) to base 12.
-194b9
-12321013 (base 4) to base 16
-6e47
10121332 (base 4) to base 6
215314
What is -3051 (base 6) in base 9?
-834
Convert 30112 (base 4) to base 14.
406
Convert -404 (base 5) to base 3.
-10212
Convert -50de (base 15) to base 13.
-7a12
428 (base 13) to base 10
710
Convert -4113101 (base 5) to base 4.
-100101123
What is 222 (base 12) in base 5?
2224
-45c (base 15) to base 14
-507
Convert 5101 (base 12) to base 9.
13041
-656 (base 14) to base 2
-10011100100
What is -1110010 (base 2) in base 15?
-79
200313 (base 4) to base 5
31403
24 (base 8) to base 10
20
What is -1c3a (base 14) in base 11?
-3960
Convert 5f1 (base 16) to base 15.
6b6
Convert 2332 (base 13) to base 11.
3793
Convert 904 (base 11) to base 2.
10001000101
3a89 (base 11) to base 16
14b4
-214 (base 9) to base 8
-257
Convert -11111101010 (base 2) to base 10.
-2026
Convert -202 (base 15) to base 12.
-318
What is -2655 (base 8) in base 11?
-1101
-2012102 (base 3) to base 16
-644
What is 3366 (base 11) in base 14?
1884
-14436 (base 7) to base 11
-3003
Convert -3491 (base 13) to base 14.
-2997
5b2b (base 12) to base 8
24023
3978 (base 15) to base 11
9239
74b3 (base 12) to base 2
11001000000111
What is 494 (base 13) in base 4?
30131
233 (base 5) to base 15
48
d5b3 (base 14) to base 2
1000111111001001
What is -23ac2 (base 13) in base 10?
-65561
-210302 (base 4) to base 7
-6602
-230 (base 4) to base 13
-35
What is -60164 (base 7) in base 9?
-21802
4ba (base 14) to base 8
1664
Convert -1302 (base 7) to base 5.
-3432
Convert -1134 (base 6) to base 7.
-541
What is -3433 (base 8) in base 14?
-93d
Convert -42a (base 15) to base 16.
-3ac
What is -111 (base 6) in base 16?
-2b
-4769 (base 11) to base 15
-1cb6
Convert -12065 (base 9) to base 6.
-101222
Convert 940 (base 15) to base 6.
13353
918 (base 14) to base 3
2110011
Convert 559 (base 10) to base 16.
22f
What is -28b (base 14) in base 10?
-515
Convert 7a5b (base 15) to base 10.
25961
-4282 (base 14) to base 13
-52c3
Convert 429 (base 10) to base 14.
229
13121322 (base 4) to base 15
8ec0
What is -1339 (base 12) in base 13?
-1008
18850 (base 10) to base 11
13187
-554 (base 13) to base 16
-392
What is e4ca (base 16) in base 3?
2222100021
-11212 (base 6) to base 2
-11000111000
-3243 (base 7) to base 4
-102012
Convert -9ed8 (base 15) to base 11.
-23382
1020312 (base 5) to base 10
16957
Convert -332 (base 13) to base 9.
-668
Convert 1121 (base 9) to base 15.
3a4
-2312 (base 6) to base 5
-4143
What is 101000101 (base 2) in base 5?
2300
What is -20011 (base 3) in base 9?
-204
Convert 459 (base 15) to base 16.
3d8
-11110 (base 7) to base 13
-1375
Convert 427 (base 8) to base 3.
101100
Convert 754 (base 14) to base 4.
112212
What is 31200 (base 5) in base 8?
4002
Convert -a270 (base 15) to base 5.
-2044210
Convert -1b9a (base 16) to base 11.
-5344
What is 204 (base 11) in base 7?
501
What is 665 (base 11) in base 4?
30131
What is -39aa (base 14) in base 5?
-311041
Convert -355214 (base 6) to base 5.
-1442340
60332 (base 9) to base 3
2000101002
Convert -879a (base 12) to base 15.
-466a
What is -12564 (base 7) in base 15?
-1003
What is -114532 (base 8) in base 7?
-222312
-1000000100011 (base 2) to base 3
-12200000
What is 37 (base 15) in base 10?
52
1318 (base 11) to base 2
11010110001
What is -111110 (base 4) in base 2?
-10101010100
1270 (base 10) to base 7
3463
-264 (base 16) to base 11
-507
Convert 11000101101 (base 2) to base 5.
22311
-1207 (base 13) to base 10
-2542
-10104 (base 5) to base 9
-806
Convert -12403 (base 5) to base 10.
-978
-65403 (base 7) to base 4
-3333000
Convert -13 (base 13) to base 4.
-100
-a73 (base 14) to base 7
-6003
Convert 1000101100101 (base 2) to base 16.
1165
Convert 8 (base 14) to base 6.
12
-3b47 (base 15) to base 16
-317b
-37620 (base 8) to base 9
-24280
-101110111111 (base 2) to base 4
-232333
-110000110 (base 2) to base 8
-606
Convert -111001010111 (base 2) to base 5.
-104141
Convert 322035 (base 6) to base 12.
1331b
Convert -9733 (base 14) to base 4.
-12120001
What is -12013 (base 4) in base 14?
-1dd
Convert 12111 (base 4) to base 10.
405
Convert -358 (base 14) to base 3.
-220200
Convert 1065 (base 7) to base 9.
473
Convert -42553 (base 9) to base 3.
-1102121210
What is 1065 (base 10) in base 5?
13230
Convert 6ee7 (base 15) to base 14.
886d
1001010101111 (base 2) to base 15
163d
Convert -1001110000011011 (base 2) to base 4.
-21300123
Convert -1503 (base 8) to base 2.
-1101000011
Convert 2150 (base 7) to base 6.
3322
Convert 89a2 (base 15) to base 14.
a8c1
a6 (base 11) to base 5
431
Convert -3ca4 (base 16) to base 7.
-63155
4245 (base 7) to base 3
2001200
11102 (base 4) to base 5
2323
What is -105343 (base 9) in base 13?
-22884
2842 (base 9) to base 12
12a8
Convert -1110110100 (base 2) to base 8.
-1664
-240 (base 8) to base 16
-a0
10101011 (base 3) to base 15
ae1
Convert 10c3 (base 16) to base 14.
17c7
What is -7cc0 (base 13) in base 2?
-100010010011011
What is -58 (base 10) in base 14?
-42
-24e8 (base 15) to base 7
-31640
Convert 3013011 (base 4